177.
131
Calculate the remainder when 194785468 is divided by 151.
149
Calculate the remainder when 32217563 is divided by 8054378.
51
What is the remainder when 106164 is divided by 3474?
1944
What is the remainder when 21682270 is divided by 201?
199
Calculate the remainder when 2859254 is divided by 313.
312
What is the remainder when 1226544 is divided by 1218?
18
Calculate the remainder when 4748910 is divided by 436.
434
Calculate the remainder when 566340 is divided by 1806.
1062
Calculate the remainder when 679561 is divided by 11101.
2400
Calculate the remainder when 205644 is divided by 3168.
2892
Calculate the remainder when 12212277 is divided by 642749.
46
Calculate the remainder when 60337 is divided by 4929.
1189
Calculate the remainder when 320949 is divided by 15257.
552
Calculate the remainder when 191498 is divided by 4351.
54
What is the remainder when 1038117 is divided by 519015?
87
What is the remainder when 17950939 is divided by 260?
19
Calculate the remainder when 19108438 is divided by 830.
178
Calculate the remainder when 111099751 is divided by 79.
76
What is the remainder when 250731 is divided by 1425?
1356
What is the remainder when 199261 is divided by 1226?
649
What is the remainder when 2253285 is divided by 95?
75
Calculate the remainder when 2022943 is divided by 87954.
1
Calculate the remainder when 14308574 is divided by 736.
734
Calculate the remainder when 1217597 is divided by 67643.
23
What is the remainder when 1217308 is divided by 121652?
788
Calculate the remainder when 5204566 is divided by 5204444.
122
What is the remainder when 2143476 is divided by 428476?
1096
Calculate the remainder when 3960499 is divided by 4286.
235
What is the remainder when 14733 is divided by 2683?
1318
Calculate the remainder when 181883 is divided by 60607.
62
Calculate the remainder when 57161944 is divided by 56.
0
Calculate the remainder when 464415153 is divided by 467.
465
Calculate the remainder when 295672 is divided by 6591.
5668
Calculate the remainder when 1140792 is divided by 3018.
3006
What is the remainder when 1103354 is divided by 27?
26
What is the remainder when 596428598 is divided by 242?
238
What is the remainder when 10829 is divided by 4183?
2463
Calculate the remainder when 336562603 is divided by 112187531.
10
What is the remainder when 786375 is divided by 294?
219
Calculate the remainder when 2302146 is divided by 37739.
67
What is the remainder when 232407 is divided by 607?
533
What is the remainder when 62106793 is divided by 2050?
2043
What is the remainder when 81498302 is divided by 791?
781
Calculate the remainder when 659046 is divided by 2133.
2082
What is the remainder when 2905464 is divided by 2905443?
21
Calculate the remainder when 652008 is divided by 4289.
80
What is the remainder when 1328085 is divided by 1583?
1531
What is the remainder when 4127710 is divided by 157?
23
Calculate the remainder when 95052 is divided by 47374.
304
Calculate the remainder when 1646574 is divided by 1526.
20
What is the remainder when 330955 is divided by 666?
619
Calculate the remainder when 34019057 is divided by 542.
427
What is the remainder when 335026 is divided by 41875?
26
Calculate the remainder when 6199478 is divided by 1287.
1286
Calculate the remainder when 671491 is divided by 15.
1
Calculate the remainder when 85095555 is divided by 4727530.
15
What is the remainder when 42729 is divided by 280?
169
Calculate the remainder when 10945235 is divided by 273630.
35
Calculate the remainder when 7820414 is divided by 428.
426
Calculate the remainder when 259504 is divided by 3460.
4
What is the remainder when 25935816 is divided by 6483914?
160
Calculate the remainder when 40655263 is divided by 17.
1
What is the remainder when 132005676 is divided by 62?
50
Calculate the remainder when 174999 is divided by 7129.
3903
Calculate the remainder when 4058746 is divided by 861.
853
Calculate the remainder when 109217016 is divided by 54608503.
10
What is the remainder when 2012484 is divided by 1860?
1824
Calculate the remainder when 1246928 is divided by 124.
108
Calculate the remainder when 172538 is divided by 80.
58
Calculate the remainder when 9335147 is divided by 50460.
47
What is the remainder when 212239 is divided by 23577?
46
Calculate the remainder when 746169355 is divided by 10020.
10015
Calculate the remainder when 3822 is divided by 416.
78
What is the remainder when 677295532 is divided by 5647?
5646
Calculate the remainder when 137115318 is divided by 114.
108
Calculate the remainder when 15271443 is divided by 5090467.
42
What is the remainder when 2589459 is divided by 647358?
27
What is the remainder when 11006902 is divided by 13?
10
What is the remainder when 29762652 is divided by 137?
87
What is the remainder when 9790 is divided by 9768?
22
What is the remainder when 3485915 is divided by 371?
370
What is the remainder when 10420 is divided by 9556?
864
What is the remainder when 167599 is divided by 1125?
1099
Calculate the remainder when 79869 is divided by 39679.
511
What is the remainder when 35727 is divided by 992?
15
Calculate the remainder when 1246557 is divided by 2136.
1269
What is the remainder when 263488 is divided by 688?
672
What is the remainder when 677916 is divided by 75324?
0
What is the remainder when 40021461 is divided by 168?
165
What is the remainder when 3683687 is divided by 711?
707
What is the remainder when 1658154 is divided by 7?
1
Calculate the remainder when 11528240 is divided by 56.
24
Calculate the remainder when 78103921 is divided by 2553.
2545
Calculate the remainder when 188687 is divided by 533.
5
Calculate the remainder when 1366984 is divided by 4917.
58
What is the remainder when 141464 is divided by 1991?
103
What is the remainder when 131325817 is divided by 5733?
5719
What is the remainder when 136983943 is divided by 869?
866
What is the remainder when 12600566 is divided by 14?
6
Calculate the remainder when 34349 is divided by 8407.
721
Calculate the remainder when 47865 is divided by 375.
240
Calculate the remainder when 13334 is divided by 13313.
21
What is the remainder when 41668 is divided by 5579?
2615
What is the remainder when 11295929 is divided by 1153?
1141
Calculate the remainder when 30532 is divided by 14933.
666
Calculate the remainder when 3741037 is divided by 31.
19
Calculate the remainder when 116517134 is divided by 76656.
14
Calculate the remainder when 4282944 is divided by 305923.
22
What is the remainder when 4980786 is divided by 103?
15
Calculate the remainder when 13619274 is divided by 44.
42
Calculate the remainder when 385157 is divided by 19251.
137
What is the remainder when 3528659 is divided by 350?
309
What is the remainder when 55905 is divided by 9216?
609
Calculate the remainder when 655436067 is divided by 90.
87
Calculate the remainder when 464540 is divided by 36.
32
Calculate the remainder when 2840080 is divided by 1420040.
0
Calculate the remainder when 5476354 is divided by 3019.
2907
Calculate the remainder when 248473 is divided by 582.
541
Calculate the remainder when 35513625 is divided by 31.
25
What is the remainder when 2402051 is divided by 133?
71
What is the remainder when 1296395 is divided by 25880?
2395
Calculate the remainder when 5860424 is divided by 1338.
1322
Calculate the remainder when 9836088 is divided by 136611.
96
Calculate the remainder when 11053 is divided by 2918.
2299
Calculate the remainder when 3973178 is divided by 3973141.
37
Calculate the remainder when 3248699 is divided by 1547.
1546
What is the remainder when 1930106 is divided by 544?
538
Calculate the remainder when 39361 is divided by 39181.
180
Calculate the remainder when 255788 is divided by 937.
924
What is the remainder when 611776 is divided by 3078?
2332
What is the remainder when 70939 is divided by 7295?
5284
What is the remainder when 13605310 is divided by 424?
422
What is the remainder when 592193 is divided by 147864?
737
Calculate the remainder when 32678421 is divided by 1622.
1609
What is the remainder when 234349679 is divided by 1026?
1019
What is the remainder when 4604354 is divided by 125?
104
Calculate the remainder when 2578176 is divided by 2161.
10